{"id":107,"date":"2025-10-08T10:30:10","date_gmt":"2025-10-08T10:30:10","guid":{"rendered":"https:\/\/demijlpalen.nl\/?page_id=107"},"modified":"2025-11-07T12:22:28","modified_gmt":"2025-11-07T12:22:28","slug":"een-nacht-in-lissabon","status":"publish","type":"page","link":"https:\/\/demijlpalen.nl\/?page_id=107","title":{"rendered":"De nacht in Lissabon"},"content":{"rendered":"\n<div class=\"wp-block-media-text is-stacked-on-mobile\" style=\"grid-template-columns:24% auto\"><figure class=\"wp-block-media-text__media\"><img loading=\"lazy\" decoding=\"async\" width=\"668\" height=\"1024\" src=\"https:\/\/demijlpalen.nl\/wp-content\/uploads\/2025\/10\/Remarque-668x1024.jpg\" alt=\"\" class=\"wp-image-102 size-full\" srcset=\"https:\/\/demijlpalen.nl\/wp-content\/uploads\/2025\/10\/Remarque-668x1024.jpg 668w, https:\/\/demijlpalen.nl\/wp-content\/uploads\/2025\/10\/Remarque-196x300.jpg 196w, https:\/\/demijlpalen.nl\/wp-content\/uploads\/2025\/10\/Remarque-768x1177.jpg 768w, https:\/\/demijlpalen.nl\/wp-content\/uploads\/2025\/10\/Remarque.jpg 783w\" sizes=\"auto, (max-width: 668px) 100vw, 668px\" \/><\/figure><div class=\"wp-block-media-text__content\">\n<p>Een donkere nacht in 1942. Een man staat in Lissabon in de haven op de kade en staart naar een Amerikaans schip. De man is Hitler-Duitsland ontvlucht en heeft geen visum en geen geld. Plots biedt een onbekende hem twee tickets aan voor de boot naar Amerika. Onder slechts \u00e9\u00e9n voorwaarde: dat hij deze nacht naar zijn verhaal zal luisteren. De emigrant aarzelt, maar stemt toch in, hij heeft in zijn hopeloze situatie tenslotte niets te verliezen. Het wordt een lange nacht, in bars, in nachtcaf\u00e9s en in de vroege ochtenduren zelfs in een bordeel. Maar waarom m\u00f3\u00e9t Joseph Schwarz dit verhaal vertellen, en waarom aan hem?<\/p>\n\n\n\n<p><\/p>\n\n\n\n<div class=\"wp-block-columns is-layout-flex wp-container-core-columns-is-layout-28f84493 wp-block-columns-is-layout-flex\">\n<div class=\"wp-block-column is-layout-flow wp-block-column-is-layout-flow\">\n<p><a href=\"https:\/\/demijlpalen.nl\/?page_id=128\" data-type=\"page\" data-id=\"128\" target=\"_blank\" rel=\"noreferrer noopener\">Over Remarque<\/a><\/p>\n<\/div>\n\n\n\n<div class=\"wp-block-column is-layout-flow wp-block-column-is-layout-flow\">\n<p><a href=\"https:\/\/demijlpalen.nl\/?page_id=129\" data-type=\"page\" data-id=\"129\" target=\"_blank\" rel=\"noreferrer noopener\">Over De nacht in Lissabon<\/a><\/p>\n<\/div>\n<\/div>\n\n\n\n<p class=\"has-medium-font-size\">&#8216;<em>De wonderlijke kostuums in de spookachtige omgeving van de belle \u00e9poque veranderden ons en maakten dat er andere woorden over onze lippen kwamen dan gewoonlijk.<\/em>&#8216;<\/p>\n\n\n\n<p class=\"has-medium-font-size\"><em>&#8216;Ze wilden ons weliswaar niet hebben, maar ze wilden ons evenmin laten gaan <strong>\u2014 <\/strong> dat was bij het ineenstorten van een natie slechts een onbeduidende paradox waarvan degenen die de zaak hadden kunnen veranderen, weinig notie namen.&#8217;<\/em><\/p>\n\n\n\n<p class=\"has-medium-font-size\"><em>&#8216;Hij is net als zijn F\u00fchrer  \u2014 de vreedzaamste mens ter wereld zolang de anderen maar doen wat hij voor juist houdt. De vredeverstoorders zijn altijd de anderen. Is het niet zo, Georg?&#8217;<\/em><\/p>\n<\/div><\/div>\n\n\n\n<figure class=\"wp-block-image size-full is-resized\"><a href=\"https:\/\/demijlpalen.nl\/\" target=\"_blank\" rel=\" noreferrer noopener\"><img loading=\"lazy\" decoding=\"async\" width=\"655\" height=\"126\" src=\"https:\/\/demijlpalen.nl\/wp-content\/uploads\/2025\/10\/Terug-1.png\" alt=\"\" class=\"wp-image-145\" style=\"width:235px;height:auto\" srcset=\"https:\/\/demijlpalen.nl\/wp-content\/uploads\/2025\/10\/Terug-1.png 655w, https:\/\/demijlpalen.nl\/wp-content\/uploads\/2025\/10\/Terug-1-300x58.png 300w\" sizes=\"auto, (max-width: 655px) 100vw, 655px\" \/><\/a><\/figure>\n\n\n\n<p><\/p>\n\n\n\n<p><\/p>\n","protected":false},"excerpt":{"rendered":"","protected":false},"author":1,"featured_media":0,"parent":0,"menu_order":0,"comment_status":"closed","ping_status":"closed","template":"","meta":{"footnotes":""},"class_list":["post-107","page","type-page","status-publish","hentry"],"_links":{"self":[{"href":"https:\/\/demijlpalen.nl\/index.php?rest_route=\/wp\/v2\/pages\/107","targetHints":{"allow":["GET"]}}],"collection":[{"href":"https:\/\/demijlpalen.nl\/index.php?rest_route=\/wp\/v2\/pages"}],"about":[{"href":"https:\/\/demijlpalen.nl\/index.php?rest_route=\/wp\/v2\/types\/page"}],"author":[{"embeddable":true,"href":"https:\/\/demijlpalen.nl\/index.php?rest_route=\/wp\/v2\/users\/1"}],"replies":[{"embeddable":true,"href":"https:\/\/demijlpalen.nl\/index.php?rest_route=%2Fwp%2Fv2%2Fcomments&post=107"}],"version-history":[{"count":13,"href":"https:\/\/demijlpalen.nl\/index.php?rest_route=\/wp\/v2\/pages\/107\/revisions"}],"predecessor-version":[{"id":197,"href":"https:\/\/demijlpalen.nl\/index.php?rest_route=\/wp\/v2\/pages\/107\/revisions\/197"}],"wp:attachment":[{"href":"https:\/\/demijlpalen.nl\/index.php?rest_route=%2Fwp%2Fv2%2Fmedia&parent=107"}],"curies":[{"name":"wp","href":"https:\/\/api.w.org\/{rel}","templated":true}]}}

<div class="wp-block-media-text is-stacked-on-mobile" style="grid-template-columns:24% auto"><figure class="wp-block-media-text__media"><img loading="lazy" decoding="async" width="668" height="1024" src="https://demijlpalen.nl/wp-content/uploads/2025/10/Remarque-668x1024.jpg" alt="" class="wp-image-102 size-full" srcset="https://demijlpalen.nl/wp-content/uploads/2025/10/Remarque-668x1024.jpg 668w, https://demijlpalen.nl/wp-content/uploads/2025/10/Remarque-196x300.jpg 196w, https://demijlpalen.nl/wp-content/uploads/2025/10/Remarque-768x1177.jpg 768w, https://demijlpalen.nl/wp-content/uploads/2025/10/Remarque.jpg 783w" sizes="auto, (max-width: 668px) 100vw, 668px" /></figure><div class="wp-block-media-text__content">
<p>Een donkere nacht in 1942. Een man staat in Lissabon in de haven op de kade en staart naar een Amerikaans schip. De man is Hitler-Duitsland ontvlucht en heeft geen visum en geen geld. Plots biedt een onbekende hem twee tickets aan voor de boot naar Amerika. Onder slechts één voorwaarde: dat hij deze nacht naar zijn verhaal zal luisteren. De emigrant aarzelt, maar stemt toch in, hij heeft in zijn hopeloze situatie tenslotte niets te verliezen. Het wordt een lange nacht, in bars, in nachtcafés en in de vroege ochtenduren zelfs in een bordeel. Maar waarom móét Joseph Schwarz dit verhaal vertellen, en waarom aan hem?</p>



<p></p>



<div class="wp-block-columns is-layout-flex wp-container-core-columns-is-layout-28f84493 wp-block-columns-is-layout-flex">
<div class="wp-block-column is-layout-flow wp-block-column-is-layout-flow">
<p><a href="https://demijlpalen.nl/?page_id=128" data-type="page" data-id="128" target="_blank" rel="noreferrer noopener">Over Remarque</a></p>
</div>



<div class="wp-block-column is-layout-flow wp-block-column-is-layout-flow">
<p><a href="https://demijlpalen.nl/?page_id=129" data-type="page" data-id="129" target="_blank" rel="noreferrer noopener">Over De nacht in Lissabon</a></p>
</div>
</div>



<p class="has-medium-font-size">&#8216;<em>De wonderlijke kostuums in de spookachtige omgeving van de belle époque veranderden ons en maakten dat er andere woorden over onze lippen kwamen dan gewoonlijk.</em>&#8216;</p>



<p class="has-medium-font-size"><em>&#8216;Ze wilden ons weliswaar niet hebben, maar ze wilden ons evenmin laten gaan <strong>— </strong> dat was bij het ineenstorten van een natie slechts een onbeduidende paradox waarvan degenen die de zaak hadden kunnen veranderen, weinig notie namen.&#8217;</em></p>



<p class="has-medium-font-size"><em>&#8216;Hij is net als zijn Führer  — de vreedzaamste mens ter wereld zolang de anderen maar doen wat hij voor juist houdt. De vredeverstoorders zijn altijd de anderen. Is het niet zo, Georg?&#8217;</em></p>
</div></div>



<figure class="wp-block-image size-full is-resized"><a href="https://demijlpalen.nl/" target="_blank" rel=" noreferrer noopener"><img loading="lazy" decoding="async" width="655" height="126" src="https://demijlpalen.nl/wp-content/uploads/2025/10/Terug-1.png" alt="" class="wp-image-145" style="width:235px;height:auto" srcset="https://demijlpalen.nl/wp-content/uploads/2025/10/Terug-1.png 655w, https://demijlpalen.nl/wp-content/uploads/2025/10/Terug-1-300x58.png 300w" sizes="auto, (max-width: 655px) 100vw, 655px" /></a></figure>



<p></p>



<p></p>
